1*z**2 - z + 3. Let a be c(5). Suppose -4*x + 0*x = -a. Suppose -4*q + 201 - x = 5*m, 4*q = m + 188. Is q a prime number?
False
Let x(q) = q**3 - 17*q**2 + 2*q - 61. Is x(18) composite?
True
Let z = -2502 - -8083. Is z a prime number?
True
Suppose 3*h - 5*h = -80. Let q = 39 + h. Is q composite?
False
Suppose 4*z + 0*k - k = 3, 5*z = -2*k - 6. Suppose -g + 6 = 3*h - z*g, 0 = -4*h + 3*g + 21. Suppose -h*f + 0*f = -1005. Is f a composite number?
True
Let a = -5024 - -7837. Is a a prime number?
False
Let t = 9 - 5. Let n = 0 + t. Is 0 + (6460/5)/n a composite number?
True
Let q(r) = -24*r - 9. Let v(u) = -u**3 - 9*u**2 + 3*u + 9. Let x be v(-9). Let k = x - -11. Is q(k) composite?
True
Let b = 131 + -10. Is b prime?
False
Suppose -5*x + 816 = d, x + 1493 = 5*d - 2613. Is d composite?
False
Let z(j) = j**3 - 2*j**2 - j + 7. Let m = 12 + 10. Suppose 14 = s + 4*r, -4 = -4*s - r + m. Is z(s) composite?
True
Suppose 5*v - 4*t = 5321, -29*v + 2*t + 1069 = -28*v. Is v composite?
False
Suppose 5*u - 12 = -u. Let y be 224/10 - u/5. Suppose f - y = 1047. Is f a composite number?
False
Let y = 18 - 33. Let t be (5 - 1) + (-16 - y). Is -2 + t/(-6)*-662 a composite number?
True
Suppose o - 37*o = -143604. Is o a composite number?
False
Let v = -14234 - -21347. Is v a composite number?
True
Let c(l) be the second derivative of 0 - 5/2*l**3 + 5/2*l**2 + l. Is c(-4) a composite number?
True
Let c = -28 - -29. Let m(r) = 750*r**3 - r**2 + 2*r. Is m(c) a prime number?
True
Let n(d) = -33*d + 26. Suppose 17 = 4*u + 45. Is n(u) a prime number?
True
Let w(k) = 88*k**2 - 4*k + 2. Let n = -83 - -53. Let h = 32 + n. Is w(h) a prime number?
False
Let z = -26 + 45. Suppose -o + 14 = y + 4*y, z = -4*o + 5*y. Is 1/o - (-176)/4 a composite number?
False
Let q = 76 + -73. Suppose -p + q*p - 762 = 0. Is p a composite number?
True
Let l = 24 + -25. Is 0/l - (-56 - (-4 - -6)) composite?
True
Let m(h) = 212*h - 5. Let b(f) = -424*f + 10. Let j(w) = 4*b(w) + 9*m(w). Is j(6) prime?
False
Suppose n - 11826 = t, -4*n + 47307 = -5*t + 4*t. Is n a composite number?
False
Let u(f) = -268*f + 45. Is u(-11) a prime number?
False
Let z(o) = o**2 + 4*o - 4. Let l be z(-6). Let a be (6/l)/((-7)/(-28)). Suppose -3*i = a*i - 3522. Is i a prime number?
True
Let g(o) = 4632*o + 11. Is g(4) prime?
True
Suppose -4*l = -h, 2*h - 4*h - 5*l - 39 = 0. Let f be 19*(-4)/h*3. Suppose -a + 112 = 2*j + f, 4*a - 4*j - 396 = 0. Is a a prime number?
True
Let b be (-140)/7*(-1 - -8). Let s = -50 - b. Suppose 0 = 3*f + 4*k - 55 - s, 0 = -3*f - 5*k + 140. Is f a composite number?
True
Suppose -4*g + 4198 = 2*k, -g - 7 + 4 = 0. Is k a composite number?
True
Let i(x) = x**2 - 3*x + 7. Let d be i(-15). Suppose -z - 2*u - 44 + d = 0, -3*z + 664 = -u. Is z composite?
False
Suppose 142 = -2*b + 46. Let v = 73 - b. Is v a prime number?
False
Let r(p) = 1517*p**3 - 3*p**2 - 2*p + 23. Is r(3) composite?
False
Suppose 2019 = k + 421. Suppose k - 18 = 4*q. Let m = q - 246. Is m composite?
False
Let i(g) = -g**3 + 5*g**2 - 5*g. Let o be i(4). Let q be (-1332)/30 - o/10. Let z = 101 + q. Is z a prime number?
False
Let t(q) = 131*q**2 + 5*q + 2. Let f be t(-5). Suppose -9*n + 5*n + f = 0. Is n a prime number?
False
Suppose -12803 = -202*b + 195*b. Is b a prime number?
False
Suppose 1 + 3 = -4*u. Let a be u*(0 - 2) + 3. Suppose r = a*r - 268. Is r a prime number?
True
Suppose 0 = -2*f + 3*o + 17, f - 4*f = 2*o + 7. Let z be (f/3)/(5/30). Suppose 0 = -0*j - j - 3*g + 698, -z*j + 3*g = -1405. Is j prime?
True
Suppose -2*n + 5953 = 4*u - u, -3962 = -2*u - 3*n. Is u prime?
True
Let a = -465 + 911. Is a a prime number?
False
Is ((-513)/(-342))/(6/114572) a composite number?
False
Let i be ((-6)/(-8))/(-1*(-3)/(-36)). Let f(d) = -245*d + 32. Is f(i) prime?
True
Suppose -f + 2*s + 78 = -74, 2*f - 290 = -3*s. Is f - -4*30/(-24) a prime number?
False
Let v be (9/6)/((-6)/8). Let d be (-2847)/(-9) + v/(-3). Suppose 0*b = -b + d. Is b a composite number?
False
Suppose 11*h + 4599 = 19108. Suppose -3*l - 4*j + 3957 = -3*j, 4*j - h = -l. Is l a composite number?
False
Suppose -18*s = -188715 - 854259. Is s composite?
False
Suppose -82839 = -8*t + 9025. Is t composite?
False
Let s(b) = -2*b**2 - 5*b - 1. Let c(y) = -3*y**2 + 2*y - 1. Let i be c(1). Let r be s(i). Suppose 2*g = 3*f - 487, g + 1 + r = 0. Is f prime?
False
Let b be ((2 - 1)*-8)/(-3 - -1). Let j(h) = h**3 - 5*h**2 - 5*h - 2. Let u be j(6). Suppose -b*y + 381 = 4*i - 5*y, 0 = 3*i + u*y - 262. Is i a prime number?
False
Is ((-5042)/6)/((-1610)/(-147) - 11) a composite number?
True
Let v = 41 - 17. Suppose 3*j - v = -b, -4*j = -4*b - 31 - 17. Is 6424/72 + (-2)/j a composite number?
False
Suppose 7*y + 6 = y. Let o(v) = -233*v**2 - 1. Let f be o(y). Is (29/(-3))/(6/f) a prime number?
False
Let v be (56/(-42))/((-1)/(-3)). Is (278 - v/1)/2 composite?
True
Let q(s) = 2*s**3 - 5*s**2 - s + 7. Let g(w) = -w**2 + w + 5. Let d be (4/(-3) + 1)*0. Let j be g(d). Is q(j) a prime number?
True
Is 16/(-72) - 65514/(-54) a prime number?
True
Suppose -8*i - 24033 + 93353 = 0. Is i a prime number?
False
Suppose -6*t + 29032 - 3910 = 0. Is t composite?
True
Let t = -142 + 118. Is 3/(t/(-1924))*2 prime?
False
Let z be -87 - -4*1/(0 - -2). Let q = 300 + z. Is q prime?
False
Suppose 5*b - q = -22, -b = -2*q - 2 + 1. Let v(s) = -s**3 + 2*s**2 - 6. Let a be v(b). Suppose -a = -4*j - 37. Is j a prime number?
False
Is (-4629)/4*8/(-6) a composite number?
False
Let g be 1*(-5 - -3 - -2). Suppose g = -4*i + 228 + 6016. Is i composite?
True
Let b(i) = i - 16. Let d be b(8). Let g(x) = -97*x - 43. Is g(d) a composite number?
False
Let c(v) = v**2 - 8*v - 74. Is c(-25) a prime number?
True
Suppose -4 = -2*o + 8. Let t(a) = a**3 - 6*a**2 + 2*a - 8. Let n be t(o). Suppose -n*j + 31 = -349. Is j composite?
True
Suppose -5*m - 5 - 10 = 0. Let c be (-1)/(m + 183/60). Let b = 165 + c. Is b composite?
True
Let d = -2373 + 2987. Is d a composite number?
True
Let c be ((-7356)/(-14))/(-4*2/(-168)). Suppose 17*u - 17713 - c = 0. Is u a prime number?
False
Suppose -4*a + 0 = -16. Let z be (-1)/4 - 41/(-4). Suppose -a*l + 8*l - 1620 = -4*c, 5*c = z. Is l composite?
True
Suppose 0 = 10*i + 7*i - 120173. Is i composite?
False
Let s(y) = 2*y**3 - 9*y**2 + 9*y - 9. Let j be s(7). Suppose 3*a = 2*o - 1378, -3*o + j + 1758 = -2*a. Let k = o + -6. Is k a prime number?
True
Let t(k) = -309*k**3 - k**2. Let m be t(-1). Let b(g) = -29*g + 7. Let h be b(-6). Let c = m - h. Is c composite?
False
Suppose 3*g - 1720 = -0*g + 5*b, 0 = 4*g - 3*b - 2275. Is g prime?
False
Let h be (3/(-7 + 4))/(-1) + 1114. Let v = -724 + h. Is v composite?
True
Suppose -2*x + 5 = -5*a, 5*a + 4*x + 1 = 4*a. Is (24980/(-80))/(a*2/8) a composite number?
False
Let t(q) = -2*q**3 + q. Let g be t(1). Let f be 1 + (-9)/(-3) + g. Suppose f*r - 31 = 155. Is r prime?
False
Suppose 12*y - 5*y = 28. Suppose y*c = 3*q + 1957, 0 = 3*c - 6*c - 4*q + 1449. Is c prime?
True
Let a be (28/49)/(4/14). Suppose 4*y = 2*b + 5098, -2569 = -a*y - 2*b - b. Is y composite?
False
Let r = -6 - -14. Suppose -n - 25 - r = 0. Let g = 148 - n. Is g a composite number?
False
Suppose 9*p - 12*p = 60. Let u be ((-3432)/10)/(4/p). Let g = -799 + u. Is g a composite number?
True
Suppose -3508 = -299*c + 295*c. Is c a prime number?
True
Is (7/(-14))/(1440885/360222 - 4) prime?
True
Let z(p) = -2*p + 10. Let a be z(8). Let m = -3 - a. Suppose 0 = -m*r - 2*r + 595. Is r a composite number?
True
Suppose -2*x + 15282 = -2*a, x = 2*x + 5*a - 7629. Is x a prime number?
True
Let t(u) = -10*u**3 - u**2 - 4*u + 2. Is t(-11) a prime number?
False
Is ((-628)/(-20))/((-11)/(-385)) composite?
True
Suppose 12*o = 11*o + y + 1773, 0 = o - 5*y - 1757. Is o composite?
False
Let a(b) = -b + 11. Let z be a(6). Suppose 2*f - 28 = -4*v, z*f - v - 77 = -4*v. Let k(c) = -c**3 + 18*c**2 - 19*c + 3. Is k(f) a composite number?
False
Suppose -g + k = 5*k - 8407, -5*k - 33691 = -4*g. Is g a composite number?
False
Let x(w) = 37*w + 25. Is x(6) prime?
False
Let z(b) = -b**2 - 5*b - 2. Suppose 3 = 3*d + 15. Let c be z(d). Let q = c - -17. Is q prime?
True
Suppose 0 = -3*g + 3*a + a - 11, -2*a = -g - 7. Is (-8852)/(-2) - 2 - g a composite number?
False
Suppose u - 322 = -3*j, 3*j + 2*u = 2*j + 99. Suppose 112*a - 118